inder when o is divided by x?
2
Let x be (2/(-6))/((-3)/18). Suppose -x*b = -6*b + 64. What is the remainder when 61 is divided by b?
13
Let k = -182 + 207. Suppose -11*x + 10*x = -38. Calculate the remainder when x is divided by k.
13
Suppose 25 - 33 = 4*s. Let x(i) = -2*i**3 + i**3 - 6*i - 4*i**2 - 4 - 3 - 3*i**3. What is the remainder when 39 is divided by x(s)?
18
Let x = 43 + -13. What is the remainder when 85 is divided by x?
25
Let w = 50 + -30. Suppose w - 69 = -7*v. What is the remainder when 74 is divided by v?
4
Let z be 12300/110 - 2/(-11). Suppose 4*x = -0*k + 5*k - z, -x = -2. Suppose 0 = 4*b - k - 72. Calculate the remainder when b is divided by 13.
11
Let r = -3170 + 6716. Calculate the remainder when r is divided by 50.
46
Let m(k) = -5*k + 1. Let g(u) = -u. Let h(w) = -11*g(w) + 2*m(w). Calculate the remainder when h(9) is divided by 6.
5
Let f be 8*(-6)/(-3) + -1. Let l = f - -1. Suppose -4*h + 12 = -l. What is the remainder when 12 is divided by h?
5
Let v = -16 - -18. Suppose -k + v*k = 4*c - 218, 4 = 2*k. What is the remainder when c is divided by 28?
27
Let t = -264 - -457. What is the remainder when t is divided by 39?
37
Let y be (-3)/((-3)/1) + 11. Let o = -32 - -35. Let q = y + o. Calculate the remainder when 58 is divided by q.
13
Suppose -3*u + 93 = 27. What is the remainder when 173 is divided by u?
19
Let f = -473 - -616. Calculate the remainder when f is divided by 21.
17
Calculate the remainder when 18054/126 - 4/14 is divided by 21.
17
Suppose -n = -5 - 34. Suppose 4*w - 4 = 0, -4*w + 0*w - 201 = 5*c. Let j = -21 - c. What is the remainder when n is divided by j?
19
Let c(l) = -l**2 + 1. Let z be c(1). Let i(u) = u. Let o be i(8). Suppose -p = -y - o, -y + 6*y - 25 = z. What is the remainder when 35 is divided by p?
9
Let o be 4 - ((-74 - -1) + 2). Suppose 6*b = b + o. Calculate the remainder when (0 + 18)/(b/45) is divided by 19.
16
Suppose -2*t = 4*z - 2*z + 218, -5*t = -2*z - 211. Let k = z - -205. Let v = -58 + k. Calculate the remainder when v is divided by 14.
11
Suppose 568 = 21*j + 22. Calculate the remainder when j is divided by 8.
2
What is the remainder when 4/((-12)/(-273)) + (-3 - -5) is divided by 24?
21
Let c = -480 + 515. Let h = 6 - 13. Let i = 5 - h. Calculate the remainder when c is divided by i.
11
Suppose -5*n + 26*u - 24*u + 730 = 0, -4*u + 412 = 3*n. What is the remainder when n is divided by 21?
18
Let h(i) = -2*i**2 - 45*i - 48. Let u be 0 + (1 - 3)*-26. Suppose 0 = -4*a + 8, 0 = s + 2*a - u + 5. What is the remainder when s is divided by h(-21)?
13
Let a(j) = -j**3 + 6*j**2 + 36*j - 181. What is the remainder when 2/3 + (-368)/(-6) is divided by a(7)?
18
Let u(y) = y**2 - 4*y - 9. Let z be u(6). Suppose -2 = -z*i - 17. Let l = i - -7. Calculate the remainder when l is divided by 2.
0
Let z(i) = i**2 - 2*i - 1. Let y be z(2). Let g(k) = k**2 + 2*k + 17. Calculate the remainder when (2 - 51)/(-2 - y) is divided by g(0).
15
Let i(l) = -66*l + 14. Calculate the remainder when 865 is divided by i(0).
11
Suppose 4 + 6 = 5*d. Suppose 2*p + d = 16. Calculate the remainder when 14 is divided by p.
0
Let l(s) = -s**2 + 15*s - 34. What is the remainder when l(9) is divided by 7?
6
Suppose 2*k = -p - 9 + 24, 15 = p - 3*k. Calculate the remainder when 15 is divided by p.
0
What is the remainder when 174/(-20)*12*(-10)/3 is divided by 25?
23
Suppose -2*w - 21 = -6*w - a, 4*a - 20 = 0. Let q(o) = -o**3 + 5*o**2 + o - 1. Suppose 0 = -u - 9*u + 350. Calculate the remainder when u is divided by q(w).
16
Suppose 10 = 21*l - 16*l. Calculate the remainder when 3 is divided by 9*-4*l/(-24).
0
Suppose 3*d + d + 2*l = -86, 5*d - 3*l = -102. Let k = d - -30. Let u = 53 - 27. Calculate the remainder when u is divided by k.
8
Suppose 15 = -5*g + 30. Suppose -x + 52 = g*t - 0*x, 68 = 4*t + x. What is the remainder when 27 is divided by t?
11
Let z be (21/14)/(2/(-52)). Let r = z - -99. What is the remainder when r is divided by ((-84)/(-10))/(8/20 + 0)?
18
Suppose 795*w - 550 = 790*w. Calculate the remainder when 2968 is divided by w.
108
Suppose -4*y = y - 165. Suppose 0 = -w + 20 + y. Calculate the remainder when w is divided by 19.
15
Let r = 13 + -9. Suppose -5*d - 3*l + 54 = -d, 5*l = -r*d + 50. Calculate the remainder when 59 is divided by d.
14
Suppose 2*n - 3069 = -29*n. What is the remainder when n is divided by 37?
25
Suppose v = -5*f + 16, 0 = -3*f + 3*v + v + 5. Suppose -1 = r + 3*q, 0 = -4*r + f*q + 47 + 24. What is the remainder when 51 is divided by r?
9
Let i(d) = d**2 - 35*d + 10. What is the remainder when 131 is divided by i(36)?
39
Suppose 70*r + 2278 - 10748 = 0. What is the remainder when r is divided by 42?
37
Suppose 198 - 273 = -5*w. Calculate the remainder when 56 is divided by w.
11
Let d(b) = b**3 - 4*b**2 + 3*b + 5. Suppose -4*o - m = -2*o - 10, -m = 3*o - 14. What is the remainder when 2/(-1)*75/15*672/(-140) is divided by d(o)?
14
Suppose 301*c - 305*c = -44. Calculate the remainder when 13 is divided by c.
2
Let y = -29 - -45. Suppose -6*r + 8*r - 62 = -a, 3*r - 5*a - 67 = 0. What is the remainder when r is divided by y?
13
Suppose -7*o = -32 - 24. What is the remainder when 71 is divided by o?
7
Let g = 239 + -162. What is the remainder when g is divided by 13?
12
Let k(g) = 3*g**2 - 45*g + 35. Let s(a) = -2*a**2 + 30*a - 23. Let i(o) = 5*k(o) + 8*s(o). What is the remainder when i(7) is divided by (4 - 24)*(-3)/5?
11
Suppose -12 = 6*b + 6. Let m = 4 - b. Calculate the remainder when 33 is divided by m.
5
Let f = 17 - 11. Let c be (f/(-4) - -1)*-120. Suppose 2 = 2*w - c. What is the remainder when w is divided by 8?
7
Suppose 3*l - 7*l - 2*y + 126 = 0, 2*l - 3*y - 67 = 0. What is the remainder when l is divided by 26?
6
Let g(q) = -q**3 - 14*q**2 - 14*q + 6. Let l = -9 + 3. Let u be 29/(-2) - 9/l. What is the remainder when g(u) is divided by 6?
1
Suppose 2*u - 5*u = 0. Suppose -5*x - 2*d + 161 + 145 = u, 0 = 5*x + d - 303. Calculate the remainder when x is divided by 12*((-4)/16 + 2).
18
Let b = 43 + -28. Let w(m) = 2*m + 0 - 3*m**2 - 5 + m**3 - 3*m**2 + 0*m. Calculate the remainder when w(7) is divided by b.
13
Suppose -458 = 15*x - 17*x. What is the remainder when x is divided by 79?
71
Let u = 97 - 74. Calculate the remainder when 28 is divided by u.
5
Let i(z) = z**2 + 24*z + 45. Let q be i(-27). Suppose 3*v + q = 5*x, -3*x - 13 + 79 = -5*v. What is the remainder when 106 is divided by x?
25
What is the remainder when (-354)/(-5) - 1/(-25)*5 is divided by 25?
21
Let b(m) be the first derivative of 0*m**3 - 5/4*m**4 + 0*m**2 + 4 - m. Calculate the remainder when 7 is divided by b(-1).
3
Let v(u) = u**2 + 20*u - 1. Calculate the remainder when 379 is divided by v(-24).
94
Suppose 0 = -3*l + 15 + 15. Let m(f) = -f**2 - 9*f - 7. Calculate the remainder when 64/3*(l/4 + -1) is divided by m(-6).
10
Let f be ((-20)/12 + 2)*-6. Calculate the remainder when f/7 + (-1846)/(-91) is divided by 13.
7
Suppose 132 = l + 4*o, -4*o + 11 = 3. What is the remainder when l is divided by 33?
25
Let c(m) = m**2 + 3*m + 2. Suppose -20 + 58 = 2*g. Suppose -2*h - 5*f + g = 0, -3*h + 20 = -2*h - f. Calculate the remainder when h is divided by c(-4).
5
Suppose 4 + 12 = -8*x. What is the remainder when 60 is divided by (-172)/(-8) + 1/x?
18
Let n(p) = 47*p - 499. What is the remainder when n(13) is divided by 17?
10
Suppose 0 = -2*z + z + 6. Let n be z/(-9) - 28/(-6). Let m(r) = 4*r + 6. Calculate the remainder when m(n) is divided by 6.
4
Let l = -24 - -183. Calculate the remainder when l is divided by 7.
5
Let f(o) = -o**2 - 10 + 2*o**2 + 5*o - 3 - 2. What is the remainder when f(-9) is divided by 12?
9
What is the remainder when (11 - 80/8)*(-9)/(-1) is divided by 6?
3
Let j = 157 + -145. What is the remainder when j is divided by 8?
4
Let v = -32 - -46. Calculate the remainder when 3*(-3)/((-36)/152) is divided by v.
10
Let l = 3 - -8. What is the remainder when (925 + 5)/10 - 7 is divided by l?
9
Suppose 2*x = -0*x - 6, -4*v = -5*x - 319. Let z = -731 + 757. Calculate the remainder when v is divided by z.
24
Let d(h) be the second derivative of h**4/12 + h**3/2 - h**2/2 - 7*h. Let p be d(-3). Calculate the remainder when 63 + (p - 2 - -1) is divided by 16.
13
Let b = 1476 - 1446. What is the 